y. Is t a prime number?
False
Suppose -3*a + 156 = -2*a. Let u = 18 - 12. Suppose -u*j + 2*j = -a. Is j composite?
True
Suppose -4*y - 18 + 598 = 0. Is y prime?
False
Suppose 0*n - 4*n - 12 = 0. Let v be -11*(1 + 0)*n. Let y = v - 20. Is y prime?
True
Let n(a) be the third derivative of a**5/60 + 14*a**3/3 - a**2. Let p be n(0). Suppose o = -5*w + p, 2*o - 4*w = 4*o - 62. Is o composite?
True
Suppose -10*c + 3*c = 539. Is ((-1016)/14)/(22/c) a prime number?
False
Let x(d) = d**2 - 10*d - 22. Is x(-10) a composite number?
True
Let b(w) = 10*w + 1. Is b(12) composite?
True
Let j(h) = h. Let n be j(6). Let m(b) be the third derivative of b**6/120 - b**5/10 + b**4/24 + b**3/6 - 10*b**2. Is m(n) a composite number?
False
Let f be ((-2)/6)/((-5)/75). Suppose 0 = -f*r + 3*t + 21, -t - 9 = -4*r + 2*r. Is 115 + 0*(-3)/r a composite number?
True
Suppose 0*b + 165 = 3*b. Suppose 5*j + c - 5 - 5 = 0, -2*j + 4 = -4*c. Suppose b = 6*m - j*m - t, -3*m + 40 = -2*t. Is m composite?
True
Suppose -5*k + 33 = -u - 3*u, 4*k + 2*u = 16. Let z(d) = d**3 - 5*d**2. Let l be z(k). Suppose -m - r + 57 = l, 2*r - 230 = -4*m - 3*r. Is m a composite number?
True
Let k(f) = f**2 + f + 1. Let x(m) = -m**3 - 3*m**2 + m + 5. Let v(y) = 2*k(y) - x(y). Let o be v(-4). Is 672/o - (-2)/(-3) a composite number?
True
Let o(z) be the first derivative of -z**4/4 + 5*z**3/3 - 2*z**2 + z + 1. Is o(3) prime?
True
Is -14*(2 + 153/(-2)) prime?
False
Let a be (7 - -2) + (1 - 3). Suppose a = 5*o - 13. Suppose -o*q + 5*q = 10. Is q a composite number?
True
Suppose 4*q = 8*q + 720. Let h = 299 + q. Is h prime?
False
Let k(n) = n**3 + 5*n**2 - 1. Let i be k(-5). Is i/(-1 + (-162)/(-163)) composite?
False
Let c = 3 - 6. Let i(l) = -28*l + 2 - 3 + l - 3. Is i(c) prime?
False
Suppose -4*h + 57 = -239. Suppose -h = -5*y + 3*y. Is y a prime number?
True
Let p = -5429 - -7960. Is p prime?
True
Is (-6)/(-39) - (57972/26)/(-2) a composite number?
True
Let z(d) = d + 117. Let l be z(0). Suppose -2*g = 4*a - 22, -g + 16 = 4*a - 5*g. Is l/a + 8/(-20) a composite number?
False
Let i(g) = -g + 24 + 45 - 18 + 7. Is i(0) a prime number?
False
Is -4 + (-2 - 2 - (-497 - 2)) a composite number?
False
Suppose 2*c = -6*c + 25064. Is c a prime number?
False
Suppose 5*a - 1 - 19 = 0. Let i be (a/(-8))/(1/(-46)). Is i + -2 - (1 + -1) prime?
False
Suppose -s = 4*s - 10. Suppose -s*b = -7*b - 2*v, 2*v = 3*b. Suppose g - 3*g + 182 = b. Is g prime?
False
Let w = 6 + -2. Let p(g) = 24*g - 5. Is p(w) composite?
True
Let f(x) be the second derivative of x**4/6 - x**3/3 + 4*x**2 + 2*x. Let l be f(6). Let i = l + -9. Is i a composite number?
False
Let d(t) = t**3 - 2*t**2 - 15*t + 11. Let i(u) = 3*u**3 - 7*u**2 - 44*u + 32. Let m(k) = 11*d(k) - 4*i(k). Is m(7) a composite number?
True
Let u = 385 - -298. Is u prime?
True
Let m(f) = f. Let r be m(-7). Let w(l) = 4*l - 6 + 2*l**2 - 4 + 2*l + 0. Is w(r) prime?
False
Is -2 - (-1)/(3/639) composite?
False
Suppose 4*k - 159 - 68 = -5*n, -3*k = -4*n - 147. Is k prime?
True
Let a(v) = 54*v - 7. Let q(m) = -108*m + 13. Let d(u) = -11*a(u) - 6*q(u). Suppose 0*i + 4*i - 4 = 0. Is d(i) a prime number?
True
Let i(l) = 192*l - 1. Is i(1) a prime number?
True
Let b(y) = 2*y**3 - y**2 - y + 1. Is b(2) composite?
False
Suppose 2*w + 2*w + 2*a = 0, w = -5*a. Suppose 2*u - 5 = 1. Suppose -3*x + 111 = -5*r, w = -4*x + x - u*r + 111. Is x a composite number?
False
Suppose 65 = 2*n - n. Is n a composite number?
True
Suppose -3*s - 3*x + 2568 = 0, -s - 33 + 869 = -3*x. Is s composite?
True
Let j be (5/3)/((-2)/(-474)). Let p = -160 + j. Is p a composite number?
True
Let p = -8 + 9. Is (-5)/(5/(-156)) + p composite?
False
Let h(u) = -u**3 + 4*u**2 - 4*u + 2. Let q be h(2). Let n(v) = 8*v - 1. Is n(q) a composite number?
True
Is 6995/55 - (-4)/(-22) composite?
False
Let b(z) = z + 9. Let a be b(-6). Suppose -a - 62 = -n. Is n prime?
False
Suppose i = -4*l - 0 - 8, 0 = -2*l + i + 2. Is (l/(-3))/(1/129) prime?
True
Let m(u) = -u**3 + 8*u**2 - u - 1. Suppose 3*s - 4 - 2 = 0. Suppose 0 = r + 4*t - 4, 2*r - 4*t + s*t - 8 = 0. Is m(r) a composite number?
False
Let r(x) = -x**2 + 6*x - 4. Let j be r(6). Let w = 21 - j. Is w a composite number?
True
Suppose 0*k = 2*k - 10. Suppose -34 = -3*i - k*n + 5, 4*n = 5*i - 65. Is i a composite number?
False
Let t(u) = 8*u**2 - 7*u + 16. Is t(11) composite?
False
Let t(b) = -4*b - 6. Let u be t(-9). Is 20/u + (-55)/(-3) a composite number?
False
Let v be (-3)/((-2)/(-4)*-3). Suppose 0 = 2*o + 3*f + v*f - 3, -f = 5. Is o a composite number?
True
Suppose 197 = b - 2*w, w = -4*b + 3*w + 770. Is b a prime number?
True
Is 2 + -2 + -2 - -141 a prime number?
True
Let s(y) = -3*y**2. Let b be s(1). Let c be 1 - (b/3 - 0). Suppose 4*p = c*p + 66. Is p prime?
False
Suppose -2*j + 1443 = -5*m, -j + 4*j - 2137 = 2*m. Is j prime?
True
Let c(k) = 3*k**2 - 2*k + 1991. Is c(0) a prime number?
False
Suppose -t = t - 26. Let v = t - 6. Is v/((-9)/5 - -2) a prime number?
False
Suppose 4*o = 4*r + 4, -3*r = 2*o + 1 - 8. Suppose -29 = 3*l - o. Let a = 24 + l. Is a composite?
True
Suppose 0 = 4*w + w + 25. Let b(l) = l**3 + 8*l**2 - 3*l - 1. Is b(w) prime?
True
Suppose 0 = -o - 0 + 7. Suppose o*v = 6*v. Suppose 4*f - f - 231 = v. Is f a composite number?
True
Let c = 6 + 0. Let q be -4 + 3 - c*-1. Suppose -2*x = 2*x - r - 88, -3*x + q*r + 83 = 0. Is x a composite number?
True
Let a(z) = z**2 + 5*z + 7. Is a(-14) composite?
True
Suppose 2*w + 2*w - 2212 = 0. Is w a prime number?
False
Let d(t) be the second derivative of t**5/20 - t**4/3 + 2*t**3/3 + t**2/2 - t. Is d(6) a composite number?
False
Is (-2082)/(-14) - 4/(-14) prime?
True
Is 11296/(-16)*(-2)/4 composite?
False
Suppose -135 = -2*h - 3*p + 131, 2*p = -2*h + 262. Is h a composite number?
False
Suppose 69 = 3*s + 3*f, f = 6*s - s - 85. Suppose 4 = x - 3*a, x + 4*a + s = -4*x. Is 1/x - (-62)/4 a prime number?
False
Is 42/98 - (-1880)/7 composite?
False
Let v(s) = s**3 + 7*s**2 - 3*s - 6. Suppose 4*a = 4*f - 8, a + 2*f + 0*f + 11 = 0. Is v(a) a prime number?
True
Suppose 4*d = 4*s - d + 218, 2*s + 116 = -d. Let w = -22 - s. Is w prime?
False
Suppose -y - w + 394 = 27, -2*y + 722 = 5*w. Is y composite?
True
Let g be (3 + -55 - 3)/(-1). Let l = 42 + g. Is l a composite number?
False
Suppose 0 = -4*b + 5 - 177. Let n = -6 - b. Is n a prime number?
True
Let i = -30 - 108. Let j = i - -373. Is j a prime number?
False
Suppose 21 = 6*o - 3*o. Let u = -5 - 0. Let x = o + u. Is x a prime number?
True
Suppose 2*x - 186 + 4 = 0. Is x a composite number?
True
Is -2*6247*4/(-8) composite?
False
Suppose -5*a - 645 - 565 = -5*y, -2*y + 469 = -5*a. Let p = y - 126. Is p prime?
False
Suppose -30 = 5*s + 5. Let h = 9 + s. Suppose -2*d - h*d - 4*p = -192, 0 = 2*p + 2. Is d a prime number?
False
Let t be 1/3 + (-20)/6. Let x be 347 + t + 1 + 1. Suppose -x = -2*m - 3*m - r, -m = -r - 68. Is m composite?
True
Let h = -1818 + 2555. Is h a prime number?
False
Suppose -70*v = -72*v + 4918. Is v a composite number?
False
Let s = 557 + -390. Let w be -1 + 3 + 0 + s. Suppose -4*y - 32 - 26 = -2*p, -w = -5*p + 2*y. Is p prime?
False
Let n = 123 - 86. Suppose -k + 18 = -n. Is k a composite number?
True
Suppose -4*q - 22 = -2*d - 0*d, -3*q - 19 = -4*d. Let t(s) = 1 - d - 7 + 5*s - s. Is t(7) a prime number?
False
Suppose -3*x - 5*y + 2890 = 0, -x = y - 634 - 326. Is x prime?
False
Let w be -134*4/(-2) + -1. Suppose d = -0*d + w. Suppose -p = p + 2*y - 114, 5*p - d = 4*y. Is p composite?
True
Suppose 15*o + 41930 = 25*o. Is o a prime number?
False
Let v = 1896 + -1083. Suppose -2*l + l + 5*y = 5, 0 = -l - y + 7. Suppose r = -2*d + 325, l*d + r + r = v. Is d a prime number?
True
Let g = 3267 - 1420. Is g a composite number?
False
Let o be 68/(-7) - 2/7. Let s(l) = l**3 - 11*l**2 - 9*l - 5. Let m(a) = 6*a**3 - 55*a**2 - 45*a - 25. Let p(d) = 2*m(d) - 11*s(d). Is p(o) a composite number?
True
Let t be 4/6 + 35/15. Suppose t*i = 5*c + 55, -3*c + 54 = 2*i + 2*i. Is i*((-14)/(-6) - -2) a prime number?
False
Suppose -x + 479 = -5*g, -1013 = -2*x - 0*g - g. Is x/14 - 1/(-1) a composite number?
False
Suppose 5*x = 4*y - 38, -3*y = -0*y - 4*x - 29. Is -3 + 0 + y - -127 composite?
False
Let o = 4 + -2. Suppose -o*k - 3*k = -1345. Is k prime?
True
Is 3/(-6)*8 - -161 prime?